, -5*k = 3*a - 306. Is k a multiple of 7?
False
Suppose 6*x - 1587 = 1173. Is 42 a factor of x?
False
Let y = -474 + 957. Is y a multiple of 21?
True
Let f be -2 + 2*420/(-8). Let s = f + 162. Is 11 a factor of s?
True
Let t(l) = -2*l - l**2 - 7 + 2*l**2 + 3*l**2 + 2. Let q be t(5). Let j = -41 + q. Is 22 a factor of j?
True
Let i = 362 - -112. Is 79 a factor of i?
True
Suppose -2*n = -n. Suppose -2*v = -11 + 1, n = x + 5*v - 61. Let s = x - 26. Does 4 divide s?
False
Does 3 divide 0 + -3 + (-13 - -68)?
False
Let o = 13 - 13. Suppose o*i = 2*i - 44. Is i a multiple of 3?
False
Suppose -10*z - 111 = 229. Suppose -66 = h + 2*u, 2*h + u + 55 + 83 = 0. Let v = z - h. Does 8 divide v?
False
Suppose -16*u + 6*u + 5150 = 0. Is 46 a factor of u?
False
Suppose -3*l = 3*t - 7*t + 224, -4*l + 16 = 0. Let v = 23 + t. Suppose 0 = -3*o - 6, 3*o + v + 128 = 4*p. Does 17 divide p?
True
Let s be (1/2)/((-2)/(-12)). Suppose -s*a - o + 3*o + 31 = 0, 0 = 3*a + 3*o - 51. Does 13 divide a?
True
Let n be -1 - -4*20/(-16). Is (-14 - n)*(-9)/12 a multiple of 6?
True
Let a be (1 - -33) + (1 - 2 - -5). Let h = a - 24. Is h a multiple of 7?
True
Let b be (-102)/4*2/(-3). Suppose m = 2, -2*m = -5*s + b + 4. Suppose -24 = -s*w + 2*w. Does 2 divide w?
True
Suppose 0*f - 2*f - 2 = 2*b, -f = -2*b + 10. Suppose -b*u - 3*g = -165, u - 3*u + g + 101 = 0. Does 4 divide (-6)/4*u/(-6)?
False
Let r(q) = q**2 - 5*q - 1. Let m = -19 + 17. Does 5 divide r(m)?
False
Let d(s) = 56*s + 10. Let m be d(-11). Let f = -429 - m. Is f a multiple of 21?
False
Let p(o) = -o**2 - 5*o - 4. Let y be p(-3). Suppose 0*q - 2 = 2*g - 4*q, -3*g - y*q + 13 = 0. Suppose 5*v = l + 80, 2*v + g*l = -0 + 15. Is 5 a factor of v?
True
Suppose 5*q - 2768 + 85 = 2*r, -3*r + 2688 = 5*q. Does 28 divide q?
False
Is 6 a factor of ((-10)/(-2))/((-220)/(-21912))?
True
Let f be (-1)/(65/15 - 4). Is 17 a factor of 62 + (-11)/3 + 1/f?
False
Let t(b) = -2*b - 13. Let k be t(-8). Suppose -m + k = -2. Is 5 a factor of m?
True
Suppose 14 + 4 = 6*h. Suppose -h*f = -4*f + 5*p - 8, 5*p = 25. Is 7 a factor of f?
False
Suppose -18*q + 16*q = -4. Suppose -j = f - 13, -3*j - 11 = -q*f + 25. Is 15 a factor of f?
True
Suppose 8 = 3*x - 11*x. Does 31 divide (48/(-9))/(x/15)?
False
Let y(h) = -h**3 + 2*h**2 - 5*h - 4. Let z(r) = r**2 + 6*r + 5. Let j be z(-7). Let f be -1*16/j*3. Is y(f) a multiple of 23?
False
Let b(n) = 153*n**2 + 21*n - 12. Is b(2) a multiple of 6?
True
Suppose -p + 2*p = 2*p. Suppose u + u = 6. Suppose -5*x + 15 = p, u*j + x = -j + 71. Does 7 divide j?
False
Is (-399)/(-4) - (-57)/(-76) a multiple of 10?
False
Suppose 5*w - 5604 = 2*x, -2*w - 5*x = -1975 - 284. Is 66 a factor of w?
True
Suppose 0 = -4*h - 2 + 26. Let x(k) be the first derivative of 5*k**2 - 14*k - 18. Is 16 a factor of x(h)?
False
Suppose -390*q = -388*q - 1618. Does 36 divide q?
False
Let y = -20 - -22. Suppose -3*x + x = y, -l = -5*x - 118. Is l a multiple of 15?
False
Suppose t = 4*t + 45. Let y(v) = -v**2 - 18*v + 23. Does 34 divide y(t)?
True
Suppose f - 219 = -5*n + 487, 3*n - 422 = -f. Let r = n + 8. Is 25 a factor of r?
True
Let o(r) = -r**2 + 73*r. Does 11 divide o(7)?
True
Let n(a) = 902*a**2 - 9*a + 8. Is 18 a factor of n(1)?
False
Suppose 331*n + 4092 = 337*n. Is 22 a factor of n?
True
Let h be (-4)/1*-5*(-4)/(-10). Is (18/h)/((-1018)/512 - -2) a multiple of 48?
True
Suppose 0 = 5*s + 4*m - 130, -3*s + 15 = -2*s + 3*m. Suppose -102 - s = -3*k. Is 12 a factor of k?
False
Is 5940/(-126)*70/(-3) a multiple of 50?
True
Let i(p) = p**2 + 12*p + 4. Let c be i(-12). Suppose 2*h = -2*q + 4*q + 48, -2*q - c = 0. Is h a multiple of 8?
False
Let l = -280 + 588. Suppose -3*f + 410 = 4*j, 3*j + 247 = 4*f - l. Is 6 a factor of f?
True
Suppose d + 5*j = 4*d - 1337, 0 = -4*j - 16. Suppose 4*t + 1 = 3*t, -5*h + d = t. Does 11 divide h?
True
Let b = -332 + 325. Let f(l) = l + 1. Let s(z) = 11*z + 14. Let i(w) = -78*f(w) + 6*s(w). Is 10 a factor of i(b)?
True
Let g(o) = -o**2 + 3*o - 2. Let u be g(4). Let s be u*2/4 + 7. Is 10 a factor of 4*(s + 51/6)?
True
Let o(t) = -t**3 + 19*t**2 + 6*t + 21. Let s(i) = -i**3 - 14*i**2 + 13*i - 11. Let d be s(-15). Is o(d) a multiple of 36?
False
Let u(g) = -47 - 39*g + 118*g - 34*g - 40*g. Is u(15) a multiple of 17?
False
Suppose 178 = 3*u - 4*a, 2*u - 30 = 2*a + 90. Suppose -w = -10 - u. Is w a multiple of 36?
True
Let v = -189 + 277. Suppose 2*g - 6*g = -v. Is 11 a factor of g?
True
Let v(y) = y - 2. Let c be v(2). Suppose 42*k - 40*k - 196 = c. Is 14 a factor of k?
True
Let v = -1193 + 4405. Does 15 divide v?
False
Let f(s) = s**3 + 6*s**2 - 11. Let b be f(-5). Suppose 24 = o - b. Is 26 a factor of o?
False
Let i be 4492/(-7) + 4/(-14). Does 16 divide i/(-8) - (-6)/(-24)?
True
Let z(o) = -o**3 - 15*o**2 - 2*o + 5. Does 6 divide z(-15)?
False
Suppose 8*a - 5*a - 93 = 0. Let v be 3/12 + (-106)/8. Let y = a - v. Is y a multiple of 18?
False
Let x be 5/2 - 5/10. Let b(o) = o**2. Let s(v) = 4*v**2 + 16*v - 3. Let t(d) = x*b(d) - s(d). Is t(-7) a multiple of 5?
False
Suppose -2*h - 40 = -7*h. Is 29 a factor of 2 - (h/(-14) - 1508/7)?
False
Let b = -392 - -576. Let c = 5 - 1. Suppose 0 = -c*k + 4*x + b, 8 = -0*x + 2*x. Is 15 a factor of k?
False
Suppose 2*z - 196 = 868. Is 6 a factor of (-4)/(-18) + z/36?
False
Let z(p) = -10*p - 75*p**2 + 37*p**2 + 39*p**2 + 2. Is 13 a factor of z(12)?
True
Suppose 0 = -4*c - 3*q - 0*q - 54, 5*c + 77 = q. Is 8 a factor of c/5 - -19 - 0?
True
Let k = 10 + -6. Suppose 5*v + 3 + 2 = 0, s - 37 = k*v. Is 14 a factor of 8/(-44) - (-930)/s?
True
Suppose 3*u + 0*h - 81 = -5*h, -u - 2*h + 28 = 0. Suppose -4*r - u = -6*r. Is r a multiple of 6?
False
Suppose -5473 = -2*q + 3*z, 8*q = 12*q + 4*z - 10996. Is q a multiple of 56?
True
Let o be (-3)/(-3) + -1 + 4. Let a(y) = -10*y + 9. Let m(r) = 40*r - 35. Let w(l) = o*m(l) + 15*a(l). Does 6 divide w(3)?
False
Suppose -2*u + 4*q = -456, 3*u = -5*q + 203 + 426. Is u a multiple of 7?
False
Suppose 10*i + 5*g - 3080 = 5*i, 0 = 2*g - 8. Is i a multiple of 25?
False
Suppose 15*s = 4*s + 17270. Does 10 divide s?
True
Let a be 12/18 - 6/9. Suppose -7*d + 14 = -a*d. Suppose d*h + 2*k - 24 = 16, 20 = h - 3*k. Is h a multiple of 5?
True
Suppose 0 = 5*t + 5*d - 75, 71 = 5*t + 3*d - 14. Let b = -30 - -18. Let l = t + b. Is 4 a factor of l?
True
Suppose -22*k = 4*x - 24*k - 3666, -3*x = -k - 2747. Is x a multiple of 22?
False
Let i = -7 - -10. Suppose b + 8*l = 4*l + 30, -4*l = -i*b + 10. Suppose b = g - 2. Is 8 a factor of g?
False
Suppose -17*u + 19*u = 336. Let v be 57/5 - (-20)/(-50). Suppose -v*q + u = -7*q. Is q a multiple of 14?
True
Let y(f) = f**3 - 9*f**2 - 11*f + 14. Let a be (-4)/(16/12) - -13. Let u be y(a). Let o(b) = b**2 - 3. Does 11 divide o(u)?
False
Let m(y) = 2*y**3 + 23*y**2 - 12*y - 4. Let q be m(-12). Is (-1)/(q - (-567)/142) a multiple of 12?
False
Is 5/(-6) + 1645/30 a multiple of 54?
True
Suppose 0 = -2*q - 6, q = 5*n - 193 - 140. Suppose -c = -4*a + 10 + n, 3*a + 4*c - 76 = 0. Is 10 a factor of a?
True
Let g = -21 - -25. Let h be 4 + 8*g/(-8). Suppose -4*r + 16 = -h. Does 4 divide r?
True
Let k(q) = -q**3 + 25*q**2 + 27*q + 23. Let y be k(26). Let m = 366 - y. Does 60 divide m?
False
Let s(w) = -2*w**2 + 10*w**2 + w**3 + 10*w - 6 - 6*w. Does 16 divide s(-5)?
False
Let x(d) = 2*d - 3. Let v be x(10). Let n = 132 + v. Suppose 5*k + 2*r = 592 - n, -262 = -3*k - 5*r. Is k a multiple of 23?
False
Suppose -2*s + 3*l - 23 = 0, -5*s - 3*l + 11 = -4*s. Is (-8)/2 - s - -74 a multiple of 12?
False
Let m = -28 - -43. Let t(r) = 9*r**2 + 2*r - 1. Let k be t(1). Is 14 a factor of ((-168)/k)/((-3)/m)?
True
Let g(a) = -19*a + 100. Is g(-9) a multiple of 3?
False
Let o(p) = -p**3 - p**2 + p. Let i be o(-2). Suppose -4*c - 3*b = -1, -i*b - 10 = -5*c + 3*b. Is 22 a factor of ((-18)/(-15))/(c/55)?
True
Is (0 - 964/((-24)/(-6)))/(-1) a multiple of 14?
False
Suppose -17*m = -6*m - 44. Suppose 4*c - 5*z - 120 = 0, m*c = 6*c + z - 60. Is c a multiple of 6?
True
Suppose 0 = -9*w + 525 - 84. Suppose c + p = 102, c + 4*p - 65 = w. Does 24 divide c?
False
Suppose 2*k = -2*r + 58, -5 + 0 = r. Does 16 divide 3/(-2) - (-7939)/k - 4?
False
Let a be ((-2)/(-4))/(4/144). Is a + (2 - 8)/3 a multiple of 4?
True
Suppose x - 110 = 5*v, 0 = x + x - v - 238. Suppose 0 = 5*u 